e third derivative of -i**4/8 + 5*i**3 - 2*i**2 - 81. Calculate c(0).
30
Let m = -983 - -984. Let l(z) = 2*z**2 + 11*z + 2*z**2 + 6*z - 20*z - z**3 + m. Suppose -p + 3*v = 2*p - 15, -5*p = 4*v + 2. What is l(p)?
3
Suppose 24*m - 157304 = -157616. Let y(n) = 4*n**3 - 32*n**2 + 7*n - 40. Let i(z) = -z**3 + 11*z**2 - 2*z + 13. Let f(j) = 7*i(j) + 2*y(j). Give f(m).
11
Let j(b) be the first derivative of 7*b**2 + 284*b + 12853. Give j(-21).
-10
Let c(m) be the second derivative of 10*m**3/3 - 119*m**2/2 - 713*m. Determine c(6).
1
Let g(s) = -2*s**2 - 3*s - 1. Suppose -4*z + 0*x = -3*x - 57, -4*z + 51 = -x. Suppose 2*h - 4*r - z = 42, -2*r = 10. Let p = 15 - h. Determine g(p).
-3
Let p(f) = 8*f**3 - f + 2. Let m be p(1). Let i(g) = -9*g + 19*g - m*g + 6 + 6. Let j be ((-2)/4*0)/2. What is i(j)?
12
Let u(y) = 15*y**3 + y**2 - 2*y + 1. Let b be (-3)/((-1 - -79)/(-26)). What is u(b)?
15
Let i be -6 + (-11 + 6 - -10) + 4. Let o(u) = -23*u + 79. What is o(i)?
10
Let q(i) = -i**2 - i + 2. Let d be q(0). Let r(h) = -3 - h - d - 3*h + 14. Let w(f) = -11*f + 27. Let k(z) = -8*r(z) + 3*w(z). Calculate k(7).
2
Let j(z) = -29*z - 113. Let c be (8/7)/(32/(-112)). Calculate j(c).
3
Suppose 311 = 71*s + 18 + 9. Let d(w) be the second derivative of 0 + 1/3*w**3 - 5/12*w**s - 5/2*w**2 + 12*w + 1/20*w**5. Give d(5).
5
Let g(d) = 25*d - 27 + 38 + 14*d**2 - 199715*d**3 + 199716*d**3. Calculate g(-12).
-1
Let s(a) = 961 + 922 - 1916 - 10*a. What is s(-4)?
7
Let d(v) be the third derivative of v**8/20160 + v**7/1260 + v**6/720 + 25*v**5/12 - 220*v**2. Let b(l) be the third derivative of d(l). Calculate b(-2).
-3
Let d(l) = l**3 + l**2 - 3*l. Suppose -z = 5*a + z + 6, -2*a + 3*z = -9. Suppose -2*v - 10 = a, -5*s + 0*v - 10 = -v. Determine d(s).
-9
Let u(c) be the second derivative of c**8/6720 + c**7/420 + c**6/360 + c**5/120 + 31*c**4/12 - 13*c. Let f(j) be the third derivative of u(j). Calculate f(-6).
-11
Let y(j) be the first derivative of j**3/3 - 2. Let z(s) = -908*s + 5444. Let c be z(6). Determine y(c).
16
Let f(x) = -x**2 - 11*x + 64. Suppose 3*s = -5*l - 75, -l = -4*s - 3 - 51. Calculate f(s).
4
Let g(d) be the second derivative of d**5/20 + 7*d**4/12 + 2*d**3/3 - 5*d**2/2 - d - 2840. Determine g(-5).
25
Suppose 18 = -d + 5*d - 3*c, 2*c = -4*d + 8. Let g(n) = 4*n**2 + 1116*n**3 + 4*n + 1120*n**d + 3 - 2235*n**3. Give g(-3).
0
Let k(r) be the first derivative of r**4/12 - 13*r**3/6 + 4*r**2 - 49*r + 26. Let h(y) be the first derivative of k(y). Determine h(13).
8
Let k(w) be the second derivative of w**7/840 + w**6/90 + w**5/40 + w**4/8 - 47*w**3/6 + w - 23. Let z(b) be the second derivative of k(b). Determine z(-3).
3
Let x(s) = -s**2 + 10*s + 11. Let z be 12/(8/6 + 0). Suppose 2*a + 3*d - 7 = 0, -5*a + 21 = 5*d - z. What is x(a)?
0
Let k(r) = -2*r**2 + 13*r + 2. Let p be k(6). Let f(c) = -61*c + 0 + p + 62*c + 0. Let j be 2/(-6) - 2/(-6). Determine f(j).
8
Let s(o) = -5*o**2 - 5*o + 6. Let j(i) = i - 12. Let f be j(10). Let d(a) = 2*a**2 - a. Let b(x) = f*d(x) - s(x). Calculate b(-7).
-6
Let m(c) be the third derivative of -c**6/120 - c**5/3 + 25*c**4/24 + 29*c**3/6 - 8729*c**2. Determine m(-21).
-55
Let v be (-20*(-8)/(-616)*11)/(2/7). Let j(x) = -2*x - 18. Calculate j(v).
2
Let w(f) = 2*f**2 + 13*f + 12. Let j be (-50 - -51)/(6/(-10))*3. Give w(j).
-3
Let v = -166 - -173. Let u(k) = 7*k + 4*k**2 - 3*k - k**3 - v*k. Suppose -28 = -5*t - 5*q - 13, -2*t - q = -7. Determine u(t).
-12
Let q(w) be the second derivative of w**4/12 + 5*w**3 - 29*w**2 - 8697*w. What is q(-32)?
6
Suppose 3*i = 3*l + 6, -6 = 7*l - 3*l - 2*i. Let d = l - -4. Let k(v) = 3 + 0*v**2 - v**3 - v + 0*v**3 + 0*v + 3*v**2. Give k(d).
0
Let s = -6 - -8. Let y be 52/26 - (-2 + (-2 - 5)). Let p(t) = 14*t**s - t**3 - y*t**2 + 0*t**3 + 3*t - 5. Calculate p(4).
-9
Let f(j) = -2*j. Let w be -3 + (1 - 29 - (-34 - -34)). Let y = 14 - -19. Let z = y + w. Give f(z).
-4
Suppose 68*u - 228 = 19*u - 27*u. Let g(h) = -7*h - 1. Let i be ((-36)/(-15))/(3/(-10)). Let t(l) = -11*l - 1. Let v(y) = i*g(y) + 5*t(y). What is v(u)?
6
Let m(o) = o**2 - 31*o - 108. Suppose -7*a - 510 = -17*a - 5*a. Determine m(a).
-6
Let m = 108 - 106. Let w(r) = -3556 + 3556 - r + 26*r**m. What is w(1)?
25
Let o be (-4 - 1)/(-5)*0. Let d(u) = 4*u**2 - 33. Suppose 3 + 11 = 2*m. Let z(h) = -h**2 + 11. Let t(k) = m*z(k) + 2*d(k). What is t(o)?
11
Let j(q) be the third derivative of q**5/20 + q**4/24 - q**3/3 + 20*q**2 - 12. Give j(-4).
42
Suppose -120*v = -153*v. Let q(o) be the third derivative of -o**4/24 - o**3/2 + 4*o**2. Calculate q(v).
-3
Let y(u) be the third derivative of u**4/24 - 1008*u**2. Let k(s) = -s - 1. Let w = 19 - 13. Let m be k(w). Determine y(m).
-7
Let t(k) = -k**3 + 7*k**2 - 10*k + 6. Let j(m) = 18*m + 18. Let g be j(0). Suppose -83*p = -g*p - 325. What is t(p)?
6
Let j(f) = -70 - 2598*f**2 + 51 + 2597*f**2 + 20*f - 70. Give j(13).
2
Let n be 3/6*((-147)/(-4) - 25/(-20)). Let o(p) = 42*p - 805. Calculate o(n).
-7
Let o(c) = -7*c + 2. Let s(j) = -1. Let m(t) = -o(t) - 3*s(t). Suppose 4*x - 2*u - 30 = 0, -4*u - 8 = -4. Suppose b + x = 9. Give m(b).
15
Let c(t) = 948 + 3*t - 320 + 6*t - 396 + 13*t. Calculate c(-11).
-10
Let s(m) = m**3 - 71 + 5*m**2 - 3*m + 27 + 38. Calculate s(-4).
22
Suppose -2*q - 58 = -5*o, -4*q = -o - 175 + 309. Let d(t) = 2*t**2 + 69*t + 29. Give d(q).
-5
Suppose -14 - 46 = -12*a. Let c(y) = 9*y - 42. Determine c(a).
3
Suppose 16 = 2*o + 4*f, -5*o = -o + 4*f - 20. Let a(t) = -8 - 4*t - 38*t**2 + o + t + 37*t**2. Calculate a(-4).
-10
Let u(c) = 11*c**2 - 22*c - 22. Let a(i) = -4*i**2 + 7*i + 7. Let r(g) = 8*a(g) + 3*u(g). Let y be (-3 - -3 - -1)/(65/715). Give r(y).
1
Let k be 2/2*10/8*(-204)/(-255). Let a(d) be the first derivative of -11*d**4 - d + 1. Determine a(k).
-45
Let z(c) = -c**3 + c**2 - 4*c - 10. Let w be z(-4). Let m = 86 - w. Let g(f) = m + 1 + f - 5 - 2*f + f**2. Give g(0).
-4
Let b(j) = j - 2. Let m(l) = 6*l**2 + 4*l - 42. Let y(k) = 5*b(k) - m(k). Let r(p) be the first derivative of y(p). Determine r(1).
-11
Let u(m) be the first derivative of -2*m**3/3 - 7*m**2/2 + 25*m - 1791. Calculate u(-6).
-5
Let p(u) be the third derivative of -u**6/120 + u**5/60 - u**4/4 + u**3/3 - 545*u**2. What is p(4)?
-70
Suppose -38*m + 8 = -36*m. Let f(p) = -12*p**2 + p**3 - p + 3*p + m + 18*p**2. Calculate f(-4).
28
Let h be (-858)/(-104) - 7 - (-2)/(-8). Let a(k) = -13*k**2 - 2*k + 1. Determine a(h).
-14
Suppose -5*z + 3*r = -69, -4*r + 5*r = -2*z + 21. Let q(b) = -z*b + 4*b - 4*b. Suppose -17*w = -11*w - x + 4, x - 3 = 5*w. Calculate q(w).
12
Let j(x) = -x**2 + 6*x + 40. Let v be 4 - (8 - ((-8)/40 - (-2)/10)). What is j(v)?
0
Suppose b - 2*k = 8, 0*b - 5 = 5*b + 5*k. Let j(y) = -2 + 3*y - b*y - 6 + 4. Determine j(11).
7
Let n(f) be the second derivative of -2*f**3/3 + 6*f**2 + f + 2. Calculate n(-5).
32
Let x(j) = -j**3 + 5*j**2 - 13. Let t(m) be the third derivative of -m**4/24 - 9*m**3/2 - 138*m**2. Let h be t(-31). What is x(h)?
3
Let n be 6 - ((-1)/6)/(8/720*-5). Let u(j) = -24*j - 25. Determine u(n).
-97
Let a(i) = 20*i - 33. Suppose -3*k - 11*h + 18 = -8*h, 2*h = 2*k + 4. Determine a(k).
7
Let d = -2 - 7. Let r(l) be the first derivative of -l**2/2 - 7*l + 7417. Determine r(d).
2
Let j(f) = -5*f**3 + 39*f**2 - 40*f - 40. Let a(q) = q**3 - 8*q**2 + 8*q + 8. Let l = -87 - -98. Let s(v) = l*a(v) + 2*j(v). What is s(9)?
-1
Let f = -39 + 35. Let z be 3/(-3)*(f + (-3)/(-1)). Let y(w) = -3*w**3 + w - 1. What is y(z)?
-3
Let z(m) = -12 + 204*m - 99*m - 97*m + m**2. Let d be z(-10). Let l(p) = -4*p + 36. Let k be l(d). Let w(s) = -s**3 + 4*s**2 - 2*s + 6. What is w(k)?
-2
Let c(n) = -2*n - 17. Let u(i) = 5*i**3 - i**2 + i - 1. Let a be u(1). Let f be 24/54*3*(-18)/a. What is c(f)?
-5
Let q = -64 + 58. Let m(l) = -5*l**2 + 477 + 3*l - 241 - l**3 - 235. Determine m(q).
19
Let t(y) be the first derivative of -y**4/4 - 2*y**3 - 5*y**2/2 - 4*y - 2381. Determine t(-6).
26
Let t(w) = 2*w**2 - 30*w - 1. Suppose -130*v = -3197 + 1247. Calculate t(v).
-1
Let m(l) = -2*l**2 + 1 - 3*l**2 + 3*l**2 + 50*l - 49*l. Suppose 3*t + 2 = 4*o, -2*o + 8 = -o + 3*t. What is m(o)?
-5
Let p(a) = -40*a - 12. Let m(b) = -21*b - 7. Let f(s) = -3*s**2 + 21*s - 21. Let t be f(1). Let n(l) = t*p(l) + 5*m(l). Calculate n(-2).
-2